 367. Determine w(0).
-367
Let j(p) = 1127*p + 65348. Give j(-58).
-18
Let z(g) = 6*g**2 - 347*g + 929. Give z(55).
-6
Let g(k) = 7*k**3 - 41*k**2 - k + 4. Give g(3).
-179
Let n(q) = -2*q**3 + 31*q**2 + 107*q - 1041. Give n(17).
-89
Let m(g) = 38*g**2 + 3519*g + 65188. What is m(-67)?
-3
Let q(m) = -334*m - 91413. Determine q(-285).
3777
Let g(o) = -4*o**3 + 2*o**2 - 6*o - 71. Determine g(4).
-319
Let b(c) = -320*c**2 - 19517*c - 232. Calculate b(-61).
-415
Let u(p) = -p**3 + 244*p**2 - 9554*p - 204. What is u(195)?
-9
Let l(c) = -c**3 - 15*c**2 - 15*c - 332. Determine l(-18).
910
Let w(m) = -29006*m + 144545. Give w(5).
-485
Let z(c) = c**2 - 16213*c - 519838. Determine z(-32).
2
Let s(n) = -n**2 - 79*n + 17072. What is s(97)?
0
Let a(o) = 4*o**3 + 54*o**2 - 4*o - 100. What is a(-13)?
290
Let s(q) = -2*q**2 - 151*q + 47624. Determine s(121).
71
Let z(r) = -r**3 + 170*r**2 + 122*r + 8086. Give z(171).
-293
Let h(c) = c**3 + 143*c**2 - 118*c + 3477. Give h(-144).
-267
Let i(t) = 2818*t + 5731. Calculate i(-3).
-2723
Let i(f) = 2*f**3 - 68*f**2 - 52*f - 518. Give i(35).
112
Let i(x) = -1189*x**2 + 54*x + 10. What is i(1)?
-1125
Let y(a) = -a**3 + 24*a**2 + 843*a + 4368. Calculate y(-14).
14
Let x(n) = -n**3 - 30*n**2 + 1152*n - 175. Determine x(22).
1
Let q(z) = -4567*z**2 + 4435*z + 3. What is q(1)?
-129
Let j(q) = -q**2 + 28*q + 4058. Determine j(-53).
-235
Let a(p) = -p**2 - 43*p + 222. Give a(-36).
474
Let s(q) = -3385*q - 805609. Determine s(-238).
21
Let v(l) = -l**3 + 103*l**2 + 655*l - 237. Calculate v(109).
-128
Let c(j) = -3*j**2 - 306*j - 7225. Give c(-37).
-10
Let c(f) = 4581*f + 7643. What is c(-2)?
-1519
Let v(m) = -268312*m - 6707822. Calculate v(-25).
-22
Let m(i) = 1300*i - 854098. Calculate m(657).
2
Let s(r) = -r**3 + 79*r**2 - 61*r + 12405. Give s(80).
1125
Let y(l) = 1814*l - 81663. What is y(45)?
-33
Let g(o) = 2*o**3 + 245*o**2 + 1282*o - 560. Calculate g(-117).
25
Let g(a) = 202*a - 8511. Give g(36).
-1239
Let d(i) = i**3 - 118*i**2 + 3266*i + 12025. What is d(57)?
-2
Let d(k) = k**2 - 20661*k - 2451931. What is d(-118)?
-9
Let k(a) = 1012*a - 730. Give k(1).
282
Let g(m) = -m**3 - 9*m**2 + 1189*m - 2039. Determine g(-40).
1
Let o(j) = 29056*j + 2905616. Give o(-100).
16
Let b(a) = -1843*a + 792485. Give b(430).
-5
Let c(m) = 16225*m - 48672. Determine c(3).
3
Let m(v) = 4*v**3 + 15*v**2 + 38921*v + 155703. What is m(-4)?
3
Let b(u) = u**3 + 423*u**2 + 20*u + 8477. Determine b(-423).
17
Let n(h) = -2*h**2 + 2250*h + 6733. Calculate n(-3).
-35
Let h(p) = p**3 - 1568*p**2 - 46356*p + 68692. What is h(1597)?
21
Let u(l) = 1350*l + 87. Determine u(0).
87
Let d(w) = -12*w**3 + 402*w**2 - 192*w - 185. What is d(33)?
13
Let o(k) = -2*k**3 - 2599*k**2 - 16530*k + 360758. Calculate o(-1293).
11
Let o(k) = 4*k**2 + 5332*k + 161451. Calculate o(-31).
3
Let a(g) = -7*g**2 - 236*g + 8. Determine a(0).
8
Let x(i) = i**3 + 20*i**2 + 2374*i + 13842. Calculate x(-6).
102
Let g(c) = -13*c**2 - 745*c + 1318. What is g(-59)?
20
Let p(x) = -23*x**3 - 136*x**2 + 19*x + 36. What is p(-6)?
-6
Let o(v) = 2*v**2 + 88*v - 18160. Determine o(77).
474
Let b(s) = s**3 + 35*s**2 - 183*s - 9. Give b(-40).
-689
Let b(j) = -2*j**3 - 448*j**2 - 431*j + 3347. Give b(-223).
2
Let r(s) = 3620574*s + 54308602. What is r(-15)?
-8
Let v(a) = -5264*a - 105275. What is v(-20)?
5
Let c(b) = 3*b**3 + 5*b**2 - 101*b - 156. Give c(-6).
-18
Let u(q) = -q**2 - 36*q + 2467. Calculate u(-71).
-18
Let s(v) = -2*v**2 + 1489*v + 8973. Determine s(-6).
-33
Let v(j) = 467*j**2 + 1420*j + 24. Determine v(-3).
-33
Let j(b) = 11*b**2 + 703*b + 200. What is j(-65)?
980
Let j(x) = -983*x**2 - 3918*x - 296. What is j(-4)?
-352
Let p(a) = 1323*a - 68745. Give p(52).
51
Let d(y) = 8*y**2 + 167*y - 8. Give d(-23).
383
Let m(t) = 37*t**2 - 148*t - 29. Calculate m(4).
-29
Let i(m) = m**3 - 14*m**2 - 446*m - 51948. Determine i(47).
-13
Let o(a) = -8*a**2 - 696*a - 7706. Determine o(-13).
-10
Let b(s) = -s**2 - 16402*s + 2616470. Give b(158).
-10
Let u(z) = -217*z + 6268. What is u(29)?
-25
Let y(x) = x**2 + 73346*x + 513387. Calculate y(-7).
14
Let k(s) = -2*s**3 - 74*s**2 + 606*s - 55. Give k(-44).
385
Let x(u) = 4*u**2 - 2264*u + 43700. Give x(546).
20
Let o(f) = -2*f**2 + 296*f + 15304. Give o(190).
-656
Let x(d) = -3*d**3 + 4*d**2 + 31*d - 141. Give x(-5).
179
Let z(r) = -r**2 + 54*r + 1779. Give z(-24).
-93
Let h(s) = -164*s + 699. What is h(8)?
-613
Let o(q) = -85*q**2 + 370*q + 830. What is o(6)?
-10
Let y(s) = 76*s**3 + 3109*s**2 - 250*s - 29. Give y(-41).
-1546
Let n(f) = -f**3 + 24*f**2 - 43*f - 85. What is n(23)?
-545
Let l(j) = -20*j**2 - 1715*j + 139483. What is l(51)?
-2
Let y(s) = 358*s - 31250. What is y(87)?
-104
Let s(k) = -2*k**3 + 37*k**2 + 3481*k + 131. Determine s(52).
-25
Let f(g) = -8*g**2 + 718*g + 388. Determine f(91).
-522
Let v(m) = -453*m**2 + 46652*m + 727. Determine v(103).
6
Let o(a) = -a**3 - 43*a**2 - 15*a - 275. Determine o(-43).
370
Let i(c) = -61*c**3 - 6282*c**2 + 87*c - 1654. Calculate i(-103).
-6
Let d(w) = -w**2 - 1294*w + 26331. What is d(20)?
51
Let y(o) = o**3 + 109*o**2 + 4808*o + 25134. Determine y(-6).
-6
Let z(k) = 702*k + 4720. Give z(-7).
-194
Let s(w) = -3*w**3 - 6*w**2 + 46*w + 226. Determine s(-4).
138
Let f(s) = 39*s - 1699. Calculate f(43).
-22
Let j(g) = -g**3 + 323*g**2 - 1226*g - 209. Determine j(4).
-9
Let t(w) = -4*w**3 + 7*w**2 + 2*w - 71. Determine t(0).
-71
Let l(d) = 1610*d + 6354. What is l(-4)?
-86
Let y(f) = -f**3 + 4*f**2 - 111*f + 1226. Determine y(8).
82
Let a(k) = 5884*k - 129468. Determine a(22).
-20
Let k(g) = -8*g**3 + 104*g**2 - 116*g - 14. Determine k(12).
-254
Let g(r) = 757677*r - 4546172. Determine g(6).
-110
Let n(v) = 116*v + 18574. Calculate n(-160).
14
Let j(z) = -z**3 + 102*z**2 - 1831*z - 37311. What is j(65)?
-1
Let h(s) = -9479*s - 113019. Give h(-12).
729
Let d(b) = -1425*b + 2375. Determine d(2).
-475
Let u(p) = -p**3 + 169*p**2 + 12581*p + 4212. Calculate u(225).
-63
Let z(h) = -23*h**2 + 2810*h - 5652. What is z(2)?
-124
Let l(h) = -5545*h - 11361704. Calculate l(-2049).
1
Let u(d) = -10502*d + 1858860. Give u(177).
6
Let j(f) = -66111*f - 198257. Calculate j(-3).
76
Let x(g) = g**2 - 84*g - 1901. Determine x(-26).
959
Let d(k) = -20*k**2 + 252*k + 106. What is d(13)?
2
Let u(n) = 30091*n - 20401702. Determine u(678).
-4
Let x(f) = -129*f + 1141. Give x(-12).
2689
Let a(k) = 342*k - 10564. Determine a(39).
2774
Let a(j) = -1690*j**2 - j - 78. Calculate a(0).
-78
Let s(n) = n**2 - 64491*n + 1740466. Give s(27).
-62
Let a(k) = -k**2 - 82*k + 2634. Calculate a(-98).
1066
Let t(w) = 14*w**3 + 30*w**2 - 63*w - 140. Give t(-2).
-6
Let l(d) = 2*d**3 + 126*d**2 - 6854*d + 579. Calculate l(-98).
-9
Let i(w) = -4*w**2 + 185*w + 16. Give i(7).
1115
Let z(f) = 11854*f + 106590. Give z(-9).
-96
Let c(h) = -2234*h + 92226. What is c(41)?
632
Let f(x) = -278*x - 103153. What is f(-371)?
-15
Let t(l) = l**3 - 3*l**2 - 120*l + 2. What is t(0)?
2
Let c(n) = 3770*n + 2250725. What is c(-597)?
35
Let l(r) = -r**3 - 47*r**2 + 953*r + 41892. Determine l(-49).
-3
Let l(j) = -5*j**3 + 7*j**2 - 521*j + 1028. Give l(2).
-26
Let p(b) = 3*b**3 - 881*b**2 - 6632*b + 3011. Calculate p(301).
1
Let h(d) = -83*d + 13901. Determine h(169).
-126
Let v(n) = -5*n**3 - 4*n**2 - 134*n + 315. What is v(2)?
-9
Let i(s) = -90*s**2 + 1363*s + 11415. Calculate i(-6).
-3
Let o(a) = -2*a**3 - 14*a**2 + 35*a - 48. Calculate o(-9).
-39
Let g(p) = -1502*p - 16197. Calculate g(-12).
1827
Let l(t) = 13*t**2 - 4250739*t - 4250738. Give l(-1).
14
Let j(i) = 31*i**3 - 590*i**2 + 48*i - 531. Give j(19).
20
Let v(j) = j**3 - 524*j**2 + 2625*j - 15575. Calculate v(519).
-5
Let r(g) = 933*g + 54371. Calculate r(-58).
257
Let f(d) = -d**3 - 67*d**2 + 2419*d + 383. What is f(-93)?
290
Let h(z) = -3*z**2 + 186*z + 320. What is h(65)?
-265
Let h(d) = -d**2 - 1291*d - 10299. What is h(-8)?
-35
Let g(z) = 3621*z - 97826. Give g(27).
-59
Let m(o) = -3*o**3 - 442*o**2 - 4115*o + 54. Give m(-10).
4
Let t(f) = 14*f**2 + 305*f - 101. Determine t(-22).
-35
Let o(h) = -246510*h - 7641783. What is o(-31)?
27
Let i(w) = -w**3 + 18*w**2 + 152*w - 2321. Calculate i(10).
-1
Let r(l) = 1410*l - 277972. Calculate r(197).
-202
Let t(x) = -1437*x + 127. Calculate t(0).
127